{"id":609,"date":"2015-07-06T21:17:43","date_gmt":"2015-07-06T18:17:43","guid":{"rendered":"http:\/\/www.rentachef.fi\/?page_id=609"},"modified":"2024-08-31T11:20:38","modified_gmt":"2024-08-31T08:20:38","slug":"meista-rentachef-fi","status":"publish","type":"page","link":"https:\/\/rentachef.fi\/fi\/meista-rentachef-fi\/","title":{"rendered":"Meist\u00e4"},"content":{"rendered":"<div class=\"fusion-fullwidth fullwidth-box fusion-builder-row-1 hundred-percent-fullwidth non-hundred-percent-height-scrolling\" style=\"--awb-border-radius-top-left:0px;--awb-border-radius-top-right:0px;--awb-border-radius-bottom-right:0px;--awb-border-radius-bottom-left:0px;--awb-overflow:visible;--awb-flex-wrap:wrap;\" ><div class=\"fusion-builder-row fusion-row\"><div class=\"fusion-layout-column fusion_builder_column fusion-builder-column-0 fusion_builder_column_1_2 1_2 fusion-one-half fusion-column-first\" style=\"--awb-bg-size:cover;width:48%; margin-right: 4%;\"><div class=\"fusion-column-wrapper fusion-flex-column-wrapper-legacy\"><div class=\"fusion-slider-sc fusion-flexslider-loading flexslider flexslider-hover-type-none\" data-slideshow_autoplay=\"1\" data-slideshow_smooth_height=\"0\" data-slideshow_speed=\"7000\" style=\"max-width:100%;height:100%;\"><ul class=\"slides\"><li class=\"image\"><span class=\"fusion-image-hover-element hover-type-none\"><img decoding=\"async\" src=\"https:\/\/www.rentachef.fi\/wp-content\/uploads\/2015\/03\/mr_rent_a_chef.jpg\" \/><\/span><\/li><\/ul><\/div><div class=\"fusion-clearfix\"><\/div><\/div><\/div><div class=\"fusion-layout-column fusion_builder_column fusion-builder-column-1 fusion_builder_column_1_2 1_2 fusion-one-half fusion-column-last\" style=\"--awb-bg-size:cover;width:48%;\"><div class=\"fusion-column-wrapper fusion-flex-column-wrapper-legacy\"><div class=\"fusion-text fusion-text-1\"><h1>Meist\u00e4<\/h1>\n<p>Rentachef.fi on yritys, joka ty\u00f6skentelee tiiviisti asiakkaidensa kanssa. Haluamme, ett\u00e4 olet asiakkaana aina 100 % tyytyv\u00e4inen ruokaan ja palveluun tilaisuutesi p\u00e4\u00e4ttyess\u00e4. Siksi tarjoamme aina ilmaisen tunnin mittaisen konsultoinnin ennen juhlia, jossa suunnittelemme yhdess\u00e4 menun ja kerromme palveluistamme.<\/p>\n<p>R\u00e4\u00e4t\u00e4l\u00f6imme ratkaisuja juuri sinulle ja otamme mielell\u00e4mme vastaan haastavia projekteja. Meill\u00e4 on kokemusta tilaisuuksista, joissa on ollut osallistujia 10 jopa 1200 henkil\u00f6\u00f6n asti. Suuret, haastavat tilaisuudet ovat erikoisalaamme.<\/p>\n<p>Tuotantokeitti\u00f6mme sijaitsee N\u00e4rpi\u00f6ss\u00e4, \u00d6jskogsparkenissa, ja sielt\u00e4 k\u00e4sin hallinnoimme suurinta osaa catering-palveluistamme. Meill\u00e4 on my\u00f6s ennakkotilauksiin perustuva ravintola, joka sopii erinomaisesti yritysjuhliin, joulup\u00e4iv\u00e4llisiin, muistotilaisuuksiin, sukujuhliin jne.<\/p>\n<p>Jos haluat henkil\u00f6kohtaista, ammattitaitoista palvelua ja maukasta ruokaa kohtuullisin hinnoin, ota yhteytt\u00e4 meihin Rent a Chefiin.<\/p>\n<\/div><div class=\"fusion-text fusion-text-2\"><h2>Kokki ja yritt\u00e4j\u00e4<\/h2>\n<ul>\n<li>Jan Peter Ivars<\/li>\n<li>20 vuotta alalla<\/li>\n<li>Koulutettu ravintola- ja suurtalouskokki<\/li>\n<li>Koulutettu tarjoilija<\/li>\n<li>Koulutettu sommelier<\/li>\n<li>Koulutettu j\u00e4rjestyksenvalvoja<\/li>\n<\/ul>\n<\/div><div class=\"fusion-clearfix\"><\/div><\/div><\/div><\/div><\/div>\n","protected":false},"excerpt":{"rendered":"","protected":false},"author":1,"featured_media":0,"parent":0,"menu_order":0,"comment_status":"closed","ping_status":"closed","template":"","meta":{"footnotes":""},"class_list":["post-609","page","type-page","status-publish","hentry"],"yoast_head":"<!-- This site is optimized with the Yoast SEO plugin v26.9 - https:\/\/yoast.com\/product\/yoast-seo-wordpress\/ -->\n<title>Meist\u00e4 - Rentachef.fi<\/title>\n<meta name=\"robots\" content=\"index, follow, max-snippet:-1, max-image-preview:large, max-video-preview:-1\" \/>\n<link rel=\"canonical\" href=\"https:\/\/rentachef.fi\/fi\/meista-rentachef-fi\/\" \/>\n<meta property=\"og:locale\" content=\"fi_FI\" \/>\n<meta property=\"og:type\" content=\"article\" \/>\n<meta property=\"og:title\" content=\"Meist\u00e4 - Rentachef.fi\" \/>\n<meta property=\"og:url\" content=\"https:\/\/rentachef.fi\/fi\/meista-rentachef-fi\/\" \/>\n<meta property=\"og:site_name\" content=\"Rentachef.fi\" \/>\n<meta property=\"article:publisher\" content=\"https:\/\/www.facebook.com\/rentachefwithstaf\" \/>\n<meta property=\"article:modified_time\" content=\"2024-08-31T08:20:38+00:00\" \/>\n<meta property=\"og:image\" content=\"https:\/\/www.rentachef.fi\/wp-content\/uploads\/2015\/05\/rentachef_vector_whiteonblack.png\" \/>\n<meta name=\"twitter:card\" content=\"summary_large_image\" \/>\n<meta name=\"twitter:label1\" content=\"Arvioitu lukuaika\" \/>\n\t<meta name=\"twitter:data1\" content=\"1 minuutti\" \/>\n<script type=\"application\/ld+json\" class=\"yoast-schema-graph\">{\"@context\":\"https:\/\/schema.org\",\"@graph\":[{\"@type\":\"WebPage\",\"@id\":\"https:\/\/rentachef.fi\/fi\/meista-rentachef-fi\/\",\"url\":\"https:\/\/rentachef.fi\/fi\/meista-rentachef-fi\/\",\"name\":\"Meist\u00e4 - Rentachef.fi\",\"isPartOf\":{\"@id\":\"https:\/\/rentachef.fi\/#website\"},\"datePublished\":\"2015-07-06T18:17:43+00:00\",\"dateModified\":\"2024-08-31T08:20:38+00:00\",\"breadcrumb\":{\"@id\":\"https:\/\/rentachef.fi\/fi\/meista-rentachef-fi\/#breadcrumb\"},\"inLanguage\":\"fi\",\"potentialAction\":[{\"@type\":\"ReadAction\",\"target\":[\"https:\/\/rentachef.fi\/fi\/meista-rentachef-fi\/\"]}]},{\"@type\":\"BreadcrumbList\",\"@id\":\"https:\/\/rentachef.fi\/fi\/meista-rentachef-fi\/#breadcrumb\",\"itemListElement\":[{\"@type\":\"ListItem\",\"position\":1,\"name\":\"Home\",\"item\":\"https:\/\/rentachef.fi\/fi\/\"},{\"@type\":\"ListItem\",\"position\":2,\"name\":\"Meist\u00e4\"}]},{\"@type\":\"WebSite\",\"@id\":\"https:\/\/rentachef.fi\/#website\",\"url\":\"https:\/\/rentachef.fi\/\",\"name\":\"Rentachef.fi\",\"description\":\"Rent your own chef with staff\",\"potentialAction\":[{\"@type\":\"SearchAction\",\"target\":{\"@type\":\"EntryPoint\",\"urlTemplate\":\"https:\/\/rentachef.fi\/?s={search_term_string}\"},\"query-input\":{\"@type\":\"PropertyValueSpecification\",\"valueRequired\":true,\"valueName\":\"search_term_string\"}}],\"inLanguage\":\"fi\"}]}<\/script>\n<!-- \/ Yoast SEO plugin. -->","yoast_head_json":{"title":"Meist\u00e4 - Rentachef.fi","robots":{"index":"index","follow":"follow","max-snippet":"max-snippet:-1","max-image-preview":"max-image-preview:large","max-video-preview":"max-video-preview:-1"},"canonical":"https:\/\/rentachef.fi\/fi\/meista-rentachef-fi\/","og_locale":"fi_FI","og_type":"article","og_title":"Meist\u00e4 - Rentachef.fi","og_url":"https:\/\/rentachef.fi\/fi\/meista-rentachef-fi\/","og_site_name":"Rentachef.fi","article_publisher":"https:\/\/www.facebook.com\/rentachefwithstaf","article_modified_time":"2024-08-31T08:20:38+00:00","og_image":[{"url":"https:\/\/www.rentachef.fi\/wp-content\/uploads\/2015\/05\/rentachef_vector_whiteonblack.png","type":"","width":"","height":""}],"twitter_card":"summary_large_image","twitter_misc":{"Arvioitu lukuaika":"1 minuutti"},"schema":{"@context":"https:\/\/schema.org","@graph":[{"@type":"WebPage","@id":"https:\/\/rentachef.fi\/fi\/meista-rentachef-fi\/","url":"https:\/\/rentachef.fi\/fi\/meista-rentachef-fi\/","name":"Meist\u00e4 - Rentachef.fi","isPartOf":{"@id":"https:\/\/rentachef.fi\/#website"},"datePublished":"2015-07-06T18:17:43+00:00","dateModified":"2024-08-31T08:20:38+00:00","breadcrumb":{"@id":"https:\/\/rentachef.fi\/fi\/meista-rentachef-fi\/#breadcrumb"},"inLanguage":"fi","potentialAction":[{"@type":"ReadAction","target":["https:\/\/rentachef.fi\/fi\/meista-rentachef-fi\/"]}]},{"@type":"BreadcrumbList","@id":"https:\/\/rentachef.fi\/fi\/meista-rentachef-fi\/#breadcrumb","itemListElement":[{"@type":"ListItem","position":1,"name":"Home","item":"https:\/\/rentachef.fi\/fi\/"},{"@type":"ListItem","position":2,"name":"Meist\u00e4"}]},{"@type":"WebSite","@id":"https:\/\/rentachef.fi\/#website","url":"https:\/\/rentachef.fi\/","name":"Rentachef.fi","description":"Rent your own chef with staff","potentialAction":[{"@type":"SearchAction","target":{"@type":"EntryPoint","urlTemplate":"https:\/\/rentachef.fi\/?s={search_term_string}"},"query-input":{"@type":"PropertyValueSpecification","valueRequired":true,"valueName":"search_term_string"}}],"inLanguage":"fi"}]}},"_links":{"self":[{"href":"https:\/\/rentachef.fi\/fi\/wp-json\/wp\/v2\/pages\/609","targetHints":{"allow":["GET"]}}],"collection":[{"href":"https:\/\/rentachef.fi\/fi\/wp-json\/wp\/v2\/pages"}],"about":[{"href":"https:\/\/rentachef.fi\/fi\/wp-json\/wp\/v2\/types\/page"}],"author":[{"embeddable":true,"href":"https:\/\/rentachef.fi\/fi\/wp-json\/wp\/v2\/users\/1"}],"replies":[{"embeddable":true,"href":"https:\/\/rentachef.fi\/fi\/wp-json\/wp\/v2\/comments?post=609"}],"version-history":[{"count":4,"href":"https:\/\/rentachef.fi\/fi\/wp-json\/wp\/v2\/pages\/609\/revisions"}],"predecessor-version":[{"id":902,"href":"https:\/\/rentachef.fi\/fi\/wp-json\/wp\/v2\/pages\/609\/revisions\/902"}],"wp:attachment":[{"href":"https:\/\/rentachef.fi\/fi\/wp-json\/wp\/v2\/media?parent=609"}],"curies":[{"name":"wp","href":"https:\/\/api.w.org\/{rel}","templated":true}]}}

Meistä

<div class="fusion-fullwidth fullwidth-box fusion-builder-row-1 hundred-percent-fullwidth non-hundred-percent-height-scrolling" style="--awb-border-radius-top-left:0px;--awb-border-radius-top-right:0px;--awb-border-radius-bottom-right:0px;--awb-border-radius-bottom-left:0px;--awb-overflow:visible;--awb-flex-wrap:wrap;" ><div class="fusion-builder-row fusion-row"><div class="fusion-layout-column fusion_builder_column fusion-builder-column-0 fusion_builder_column_1_2 1_2 fusion-one-half fusion-column-first" style="--awb-bg-size:cover;width:48%; margin-right: 4%;"><div class="fusion-column-wrapper fusion-flex-column-wrapper-legacy"><div class="fusion-slider-sc fusion-flexslider-loading flexslider flexslider-hover-type-none" data-slideshow_autoplay="1" data-slideshow_smooth_height="0" data-slideshow_speed="7000" style="max-width:100%;height:100%;"><ul class="slides"><li class="image"><span class="fusion-image-hover-element hover-type-none"><img decoding="async" src="https://www.rentachef.fi/wp-content/uploads/2015/03/mr_rent_a_chef.jpg" /></span></li></ul></div><div class="fusion-clearfix"></div></div></div><div class="fusion-layout-column fusion_builder_column fusion-builder-column-1 fusion_builder_column_1_2 1_2 fusion-one-half fusion-column-last" style="--awb-bg-size:cover;width:48%;"><div class="fusion-column-wrapper fusion-flex-column-wrapper-legacy"><div class="fusion-text fusion-text-1"><h1>Meistä</h1>
<p>Rentachef.fi on yritys, joka työskentelee tiiviisti asiakkaidensa kanssa. Haluamme, että olet asiakkaana aina 100 % tyytyväinen ruokaan ja palveluun tilaisuutesi päättyessä. Siksi tarjoamme aina ilmaisen tunnin mittaisen konsultoinnin ennen juhlia, jossa suunnittelemme yhdessä menun ja kerromme palveluistamme.</p>
<p>Räätälöimme ratkaisuja juuri sinulle ja otamme mielellämme vastaan haastavia projekteja. Meillä on kokemusta tilaisuuksista, joissa on ollut osallistujia 10 jopa 1200 henkilöön asti. Suuret, haastavat tilaisuudet ovat erikoisalaamme.</p>
<p>Tuotantokeittiömme sijaitsee Närpiössä, Öjskogsparkenissa, ja sieltä käsin hallinnoimme suurinta osaa catering-palveluistamme. Meillä on myös ennakkotilauksiin perustuva ravintola, joka sopii erinomaisesti yritysjuhliin, joulupäivällisiin, muistotilaisuuksiin, sukujuhliin jne.</p>
<p>Jos haluat henkilökohtaista, ammattitaitoista palvelua ja maukasta ruokaa kohtuullisin hinnoin, ota yhteyttä meihin Rent a Chefiin.</p>
</div><div class="fusion-text fusion-text-2"><h2>Kokki ja yrittäjä</h2>
<ul>
<li>Jan Peter Ivars</li>
<li>20 vuotta alalla</li>
<li>Koulutettu ravintola- ja suurtalouskokki</li>
<li>Koulutettu tarjoilija</li>
<li>Koulutettu sommelier</li>
<li>Koulutettu järjestyksenvalvoja</li>
</ul>
</div><div class="fusion-clearfix"></div></div></div></div></div>

<!-- This site is optimized with the Yoast SEO plugin v26.9 - https://yoast.com/product/yoast-seo-wordpress/ -->
<title>Meistä - Rentachef.fi</title>
<meta name="robots" content="index, follow, max-snippet:-1, max-image-preview:large, max-video-preview:-1" />
<link rel="canonical" href="https://rentachef.fi/fi/meista-rentachef-fi/" />
<meta property="og:locale" content="fi_FI" />
<meta property="og:type" content="article" />
<meta property="og:title" content="Meistä - Rentachef.fi" />
<meta property="og:url" content="https://rentachef.fi/fi/meista-rentachef-fi/" />
<meta property="og:site_name" content="Rentachef.fi" />
<meta property="article:publisher" content="https://www.facebook.com/rentachefwithstaf" />
<meta property="article:modified_time" content="2024-08-31T08:20:38+00:00" />
<meta property="og:image" content="https://www.rentachef.fi/wp-content/uploads/2015/05/rentachef_vector_whiteonblack.png" />
<meta name="twitter:card" content="summary_large_image" />
<meta name="twitter:label1" content="Arvioitu lukuaika" />
	<meta name="twitter:data1" content="1 minuutti" />
<script type="application/ld+json" class="yoast-schema-graph">{"@context":"https://schema.org","@graph":[{"@type":"WebPage","@id":"https://rentachef.fi/fi/meista-rentachef-fi/","url":"https://rentachef.fi/fi/meista-rentachef-fi/","name":"Meistä - Rentachef.fi","isPartOf":{"@id":"https://rentachef.fi/#website"},"datePublished":"2015-07-06T18:17:43+00:00","dateModified":"2024-08-31T08:20:38+00:00","breadcrumb":{"@id":"https://rentachef.fi/fi/meista-rentachef-fi/#breadcrumb"},"inLanguage":"fi","potentialAction":[{"@type":"ReadAction","target":["https://rentachef.fi/fi/meista-rentachef-fi/"]}]},{"@type":"BreadcrumbList","@id":"https://rentachef.fi/fi/meista-rentachef-fi/#breadcrumb","itemListElement":[{"@type":"ListItem","position":1,"name":"Home","item":"https://rentachef.fi/fi/"},{"@type":"ListItem","position":2,"name":"Meistä"}]},{"@type":"WebSite","@id":"https://rentachef.fi/#website","url":"https://rentachef.fi/","name":"Rentachef.fi","description":"Rent your own chef with staff","potentialAction":[{"@type":"SearchAction","target":{"@type":"EntryPoint","urlTemplate":"https://rentachef.fi/?s={search_term_string}"},"query-input":{"@type":"PropertyValueSpecification","valueRequired":true,"valueName":"search_term_string"}}],"inLanguage":"fi"}]}</script>
<!-- / Yoast SEO plugin. -->

Meistä - Rentachef.fi
